f 1724.
2, 431
List the prime factors of 95019.
3, 19, 1667
List the prime factors of 78112.
2, 2441
List the prime factors of 70456.
2, 8807
List the prime factors of 31113.
3, 3457
What are the prime factors of 174342?
2, 3, 7, 593
List the prime factors of 575.
5, 23
List the prime factors of 1307.
1307
What are the prime factors of 37390?
2, 5, 3739
What are the prime factors of 11945?
5, 2389
List the prime factors of 8037.
3, 19, 47
List the prime factors of 18976.
2, 593
List the prime factors of 28236.
2, 3, 13, 181
List the prime factors of 11020.
2, 5, 19, 29
List the prime factors of 7861.
7, 1123
What are the prime factors of 6588?
2, 3, 61
What are the prime factors of 2986?
2, 1493
List the prime factors of 162.
2, 3
What are the prime factors of 1731?
3, 577
What are the prime factors of 145204?
2, 31, 1171
What are the prime factors of 480?
2, 3, 5
What are the prime factors of 983?
983
List the prime factors of 842.
2, 421
What are the prime factors of 214?
2, 107
List the prime factors of 168520.
2, 5, 11, 383
What are the prime factors of 1394?
2, 17, 41
What are the prime factors of 9578?
2, 4789
List the prime factors of 774.
2, 3, 43
List the prime factors of 4338.
2, 3, 241
What are the prime factors of 1478?
2, 739
What are the prime factors of 107823?
3, 127, 283
List the prime factors of 125053.
125053
List the prime factors of 162438.
2, 3, 27073
What are the prime factors of 90710?
2, 5, 47, 193
What are the prime factors of 83231?
83231
List the prime factors of 9754.
2, 4877
List the prime factors of 15478.
2, 71, 109
List the prime factors of 14073.
3, 4691
What are the prime factors of 4675?
5, 11, 17
List the prime factors of 67750.
2, 5, 271
What are the prime factors of 13287?
3, 43, 103
What are the prime factors of 6492?
2, 3, 541
List the prime factors of 6467.
29, 223
List the prime factors of 3627.
3, 13, 31
What are the prime factors of 1291?
1291
What are the prime factors of 9820?
2, 5, 491
What are the prime factors of 979?
11, 89
What are the prime factors of 3132?
2, 3, 29
List the prime factors of 23329.
41, 569
List the prime factors of 172.
2, 43
List the prime factors of 3357.
3, 373
List the prime factors of 18184.
2, 2273
What are the prime factors of 74852?
2, 18713
List the prime factors of 410.
2, 5, 41
List the prime factors of 5313.
3, 7, 11, 23
What are the prime factors of 19729?
109, 181
List the prime factors of 29133.
3, 13, 83
What are the prime factors of 11330?
2, 5, 11, 103
What are the prime factors of 10125?
3, 5
What are the prime factors of 17177?
89, 193
What are the prime factors of 1112?
2, 139
List the prime factors of 37079.
7, 5297
What are the prime factors of 777?
3, 7, 37
What are the prime factors of 434?
2, 7, 31
List the prime factors of 1144.
2, 11, 13
List the prime factors of 1219.
23, 53
What are the prime factors of 2312?
2, 17
List the prime factors of 16924.
2, 4231
What are the prime factors of 216?
2, 3
What are the prime factors of 1218?
2, 3, 7, 29
List the prime factors of 2883.
3, 31
List the prime factors of 33478.
2, 19, 881
What are the prime factors of 4604?
2, 1151
List the prime factors of 78.
2, 3, 13
What are the prime factors of 7219?
7219
What are the prime factors of 2854?
2, 1427
List the prime factors of 32443.
32443
What are the prime factors of 31305?
3, 5, 2087
List the prime factors of 2539.
2539
List the prime factors of 24916.
2, 6229
List the prime factors of 2160.
2, 3, 5
What are the prime factors of 470?
2, 5, 47
What are the prime factors of 28444?
2, 13, 547
List the prime factors of 3871.
7, 79
List the prime factors of 304.
2, 19
What are the prime factors of 1384?
2, 173
What are the prime factors of 1331?
11
List the prime factors of 49642.
2, 24821
What are the prime factors of 5782?
2, 7, 59
What are the prime factors of 2112?
2, 3, 11
List the prime factors of 78455.
5, 13, 17, 71
List the prime factors of 1550.
2, 5, 31
What are the prime factors of 51071?
51071
List the prime factors of 140352.
2, 3, 17, 43
What are the prime factors of 3072?
2, 3
List the prime factors of 767.
13, 59
What are the prime factors of 301?
7, 43
What are the prime factors of 62797?
7, 8971
List the prime factors of 1861.
1861
What are the prime factors of 3021?
3, 19, 53
List the prime factors of 55787.
55787
List the prime factors of 8195.
5, 11, 149
List the prime factors of 548.
2, 137
What are the prime factors of 515?
5, 103
What are the prime factors of 72577?
72577
List the prime factors of 3523.
13, 271
List the prime factors of 38.
2, 19
What are the prime factors of 67665?
3, 5, 13, 347
List the prime factors of 141292.
2, 35323
List the prime factors of 110859.
3, 7, 5279
What are the prime factors of 108404?
2, 41, 661
List the prime factors of 25984.
2, 7, 29
What are the prime factors of 7912?
2, 23, 43
List the prime factors of 181153.
7, 3697
What are the prime factors of 24889?
24889
List the prime factors of 20852.
2, 13, 401
List the prime factors of 16058.
2, 7, 31, 37
List the prime factors of 103434.
2, 3, 17239
List the prime factors of 378.
2, 3, 7
What are the prime factors of 10248?
2, 3, 7, 61
What are the prime factors of 40334?
2, 7, 43, 67
List the prime factors of 52314.
2, 3, 8719
List the prime factors of 34870.
2, 5, 11, 317
List the prime factors of 61567.
11, 29, 193
What are the prime factors of 2668?
2, 23, 29
What are the prime factors of 4327?
4327
List the prime factors of 106364.
2, 26591
List the prime factors of 12877.
79, 163
What are the prime factors of 4107?
3, 37
What are the prime factors of 5536?
2, 173
What are the prime factors of 52919?
52919
List the prime factors of 493.
17, 29
List the prime factors of 3795.
3, 5, 11, 23
What are the prime factors of 38476?
2, 9619
What are the prime factors of 5108?
2, 1277
List the prime factors of 2331.
3, 7, 37
List the prime factors of 398.
2, 199
List the prime factors of 11707.
23, 509
List the prime factors of 1744.
2, 109
List the prime factors of 22018.
2, 101, 109
List the prime factors of 18700.
2, 5, 11, 17
What are the prime factors of 2966?
2, 1483
List the prime factors of 60266.
2, 30133
List the prime factors of 1397.
11, 127
List the prime factors of 1376.
2, 43
List the prime factors of 743.
743
List the prime factors of 76309.
137, 557
List the prime factors of 2251.
2251
What are the prime factors of 13102?
2, 6551
What are the prime factors of 47199?
3, 15733
List the prime factors of 32690.
2, 5, 7, 467
List the prime factors of 6492.
2, 3, 541
What are the prime factors of 1833?
3, 13, 47
List the prime factors of 16859.
23, 733
List the prime factors of 46231.
83, 557
List the prime factors of 2142.
2, 3, 7, 17
List the prime factors of 790.
2, 5, 79
List the prime factors of 30551.
137, 223
List the prime factors of 9006.
2, 3, 19, 79
List the prime factors of 1397.
11, 127
What are the prime factors of 64103?
13, 4931
List the prime factors of 6317.
6317
What are the prime factors of 75980?
2, 5, 29, 131
What are the prime factors of 63840?
2, 3, 5, 7, 19
What are the prime factors of 14210?
2, 5, 7, 29
List the prime factors of 17288.
2, 2161
What are the prime factors of 24868?
2, 6217
List the prime factors of 148214.
2, 11, 6737
What are the prime factors of 5808?
2, 3, 11
What are the prime factors of 1752?
2, 3, 73
List the prime factors of 1474.
2, 11, 67
List the prime factors of 516.
2, 3, 43
What are the prime factors of 60192?
2, 3, 11, 19
What are the prime factors of 12583?
12583
What are the prime factors of 92925?
3, 5, 7, 59
What are the prime factors of 34909?
7, 4987
List the prime factors of 5705.
5, 7, 163
What are the prime factors of 729?
3
List the prime factors of 885.
3, 5, 59
What are the prime factors of 1544?
2, 193
List the prime factors of 13963.
13963
List the prime factors of 3492.
2, 3, 97
What are the prime factors of 1200?
2, 3, 5
What are the prime factors of 2920?
2, 5, 73
List the prime factors of 73760.
2, 5, 461
What are the prime factors of 13914?
2, 3, 773
What are the prime factors of 3382?
2, 19, 89
What are the prime factors of 4533?
3, 1511
What are the prime factors of 5013?
3, 557
List the prime factors of 94265.
5, 17, 1109
What are the prime factors of 3415?
5, 683
L